{"id":1513,"date":"2022-08-12T14:58:33","date_gmt":"2022-08-12T14:58:33","guid":{"rendered":"http:\/\/wallasoft.com\/?page_id=1513"},"modified":"2022-08-30T15:26:21","modified_gmt":"2022-08-30T15:26:21","slug":"como-funciona","status":"publish","type":"page","link":"https:\/\/wallasoft.com\/?page_id=1513","title":{"rendered":"C\u00f3mo funciona"},"content":{"rendered":"\t\t<div data-elementor-type=\"wp-page\" data-elementor-id=\"1513\" class=\"elementor elementor-1513\">\n\t\t\t\t\t\t<section class=\"elementor-section elementor-top-section elementor-element elementor-element-aa1f57f elementor-section-boxed elementor-section-height-default elementor-section-height-default\" data-id=\"aa1f57f\" data-element_type=\"section\">\n\t\t\t\t\t\t<div class=\"elementor-container elementor-column-gap-default\">\n\t\t\t\t\t<div class=\"elementor-column elementor-col-50 elementor-top-column elementor-element elementor-element-a0c0f49\" data-id=\"a0c0f49\" data-element_type=\"column\">\n\t\t\t<div class=\"elementor-widget-wrap elementor-element-populated\">\n\t\t\t\t\t\t<div class=\"elementor-element elementor-element-d71c310 elementor-widget elementor-widget-heading\" data-id=\"d71c310\" data-element_type=\"widget\" data-widget_type=\"heading.default\">\n\t\t\t\t<div class=\"elementor-widget-container\">\n\t\t\t<style>\/*! elementor - v3.23.0 - 23-07-2024 *\/\n.elementor-heading-title{padding:0;margin:0;line-height:1}.elementor-widget-heading .elementor-heading-title[class*=elementor-size-]>a{color:inherit;font-size:inherit;line-height:inherit}.elementor-widget-heading .elementor-heading-title.elementor-size-small{font-size:15px}.elementor-widget-heading .elementor-heading-title.elementor-size-medium{font-size:19px}.elementor-widget-heading .elementor-heading-title.elementor-size-large{font-size:29px}.elementor-widget-heading .elementor-heading-title.elementor-size-xl{font-size:39px}.elementor-widget-heading .elementor-heading-title.elementor-size-xxl{font-size:59px}<\/style><h1 class=\"elementor-heading-title elementor-size-default\">Compra y Vende todo eso que necesitas<\/h1>\t\t<\/div>\n\t\t\t\t<\/div>\n\t\t\t\t\t<\/div>\n\t\t<\/div>\n\t\t\t\t<div class=\"elementor-column elementor-col-50 elementor-top-column elementor-element elementor-element-afd6254\" data-id=\"afd6254\" data-element_type=\"column\">\n\t\t\t<div class=\"elementor-widget-wrap elementor-element-populated\">\n\t\t\t\t\t\t<div class=\"elementor-element elementor-element-2e8d37b elementor-widget elementor-widget-image\" data-id=\"2e8d37b\" data-element_type=\"widget\" data-widget_type=\"image.default\">\n\t\t\t\t<div class=\"elementor-widget-container\">\n\t\t\t<style>\/*! elementor - v3.23.0 - 23-07-2024 *\/\n.elementor-widget-image{text-align:center}.elementor-widget-image a{display:inline-block}.elementor-widget-image a img[src$=\".svg\"]{width:48px}.elementor-widget-image img{vertical-align:middle;display:inline-block}<\/style>\t\t\t\t\t\t\t\t\t\t<img fetchpriority=\"high\" decoding=\"async\" width=\"1024\" height=\"759\" src=\"https:\/\/wallasoft.com\/wp-content\/uploads\/2022\/08\/Imagen-como-funciona-e1660316362651-1024x759.png\" class=\"attachment-large size-large wp-image-1515\" alt=\"\" srcset=\"https:\/\/wallasoft.com\/wp-content\/uploads\/2022\/08\/Imagen-como-funciona-e1660316362651-1024x759.png 1024w, https:\/\/wallasoft.com\/wp-content\/uploads\/2022\/08\/Imagen-como-funciona-e1660316362651-300x223.png 300w, https:\/\/wallasoft.com\/wp-content\/uploads\/2022\/08\/Imagen-como-funciona-e1660316362651-768x570.png 768w, https:\/\/wallasoft.com\/wp-content\/uploads\/2022\/08\/Imagen-como-funciona-e1660316362651-600x445.png 600w, https:\/\/wallasoft.com\/wp-content\/uploads\/2022\/08\/Imagen-como-funciona-e1660316362651.png 1080w\" sizes=\"(max-width: 1024px) 100vw, 1024px\" \/>\t\t\t\t\t\t\t\t\t\t\t\t\t<\/div>\n\t\t\t\t<\/div>\n\t\t\t\t\t<\/div>\n\t\t<\/div>\n\t\t\t\t\t<\/div>\n\t\t<\/section>\n\t\t\t\t<section class=\"elementor-section elementor-top-section elementor-element elementor-element-d2fb72f elementor-section-boxed elementor-section-height-default elementor-section-height-default\" data-id=\"d2fb72f\" data-element_type=\"section\">\n\t\t\t\t\t\t<div class=\"elementor-container elementor-column-gap-default\">\n\t\t\t\t\t<div class=\"elementor-column elementor-col-33 elementor-top-column elementor-element elementor-element-ca669cb\" data-id=\"ca669cb\" data-element_type=\"column\">\n\t\t\t<div class=\"elementor-widget-wrap elementor-element-populated\">\n\t\t\t\t\t\t<div class=\"elementor-element elementor-element-9b148e9 elementor-widget elementor-widget-image\" data-id=\"9b148e9\" data-element_type=\"widget\" data-widget_type=\"image.default\">\n\t\t\t\t<div class=\"elementor-widget-container\">\n\t\t\t\t\t\t\t\t\t\t\t\t\t<img decoding=\"async\" width=\"190\" height=\"327\" data-src=\"https:\/\/wallasoft.com\/wp-content\/uploads\/2022\/08\/1.png\" class=\"attachment-large size-large wp-image-1679 lazyload\" alt=\"\" data-srcset=\"https:\/\/wallasoft.com\/wp-content\/uploads\/2022\/08\/1.png 190w, https:\/\/wallasoft.com\/wp-content\/uploads\/2022\/08\/1-174x300.png 174w\" data-sizes=\"(max-width: 190px) 100vw, 190px\" src=\"data:image\/gif;base64,R0lGODlhAQABAAAAACH5BAEKAAEALAAAAAABAAEAAAICTAEAOw==\" style=\"--smush-placeholder-width: 190px; --smush-placeholder-aspect-ratio: 190\/327;\" \/><noscript><img decoding=\"async\" width=\"190\" height=\"327\" src=\"https:\/\/wallasoft.com\/wp-content\/uploads\/2022\/08\/1.png\" class=\"attachment-large size-large wp-image-1679\" alt=\"\" srcset=\"https:\/\/wallasoft.com\/wp-content\/uploads\/2022\/08\/1.png 190w, https:\/\/wallasoft.com\/wp-content\/uploads\/2022\/08\/1-174x300.png 174w\" sizes=\"(max-width: 190px) 100vw, 190px\" \/><\/noscript>\t\t\t\t\t\t\t\t\t\t\t\t\t<\/div>\n\t\t\t\t<\/div>\n\t\t\t\t<div class=\"elementor-element elementor-element-4266e1e elementor-widget elementor-widget-text-editor\" data-id=\"4266e1e\" data-element_type=\"widget\" data-widget_type=\"text-editor.default\">\n\t\t\t\t<div class=\"elementor-widget-container\">\n\t\t\t<style>\/*! elementor - v3.23.0 - 23-07-2024 *\/\n.elementor-widget-text-editor.elementor-drop-cap-view-stacked .elementor-drop-cap{background-color:#69727d;color:#fff}.elementor-widget-text-editor.elementor-drop-cap-view-framed .elementor-drop-cap{color:#69727d;border:3px solid;background-color:transparent}.elementor-widget-text-editor:not(.elementor-drop-cap-view-default) .elementor-drop-cap{margin-top:8px}.elementor-widget-text-editor:not(.elementor-drop-cap-view-default) .elementor-drop-cap-letter{width:1em;height:1em}.elementor-widget-text-editor .elementor-drop-cap{float:left;text-align:center;line-height:1;font-size:50px}.elementor-widget-text-editor .elementor-drop-cap-letter{display:inline-block}<\/style>\t\t\t\t<h3>Encuentra lo que quieres<\/h3>\t\t\t\t\t\t<\/div>\n\t\t\t\t<\/div>\n\t\t\t\t<div class=\"elementor-element elementor-element-03a1673 elementor-widget elementor-widget-text-editor\" data-id=\"03a1673\" data-element_type=\"widget\" data-widget_type=\"text-editor.default\">\n\t\t\t\t<div class=\"elementor-widget-container\">\n\t\t\t\t\t\t\t<p style=\"text-align: center;\">Busca los art\u00edculos que quieres a la vuelta de tu esquina<\/p>\t\t\t\t\t\t<\/div>\n\t\t\t\t<\/div>\n\t\t\t\t\t<\/div>\n\t\t<\/div>\n\t\t\t\t<div class=\"elementor-column elementor-col-33 elementor-top-column elementor-element elementor-element-c73495b\" data-id=\"c73495b\" data-element_type=\"column\">\n\t\t\t<div class=\"elementor-widget-wrap elementor-element-populated\">\n\t\t\t\t\t\t<div class=\"elementor-element elementor-element-063cf77 elementor-widget elementor-widget-image\" data-id=\"063cf77\" data-element_type=\"widget\" data-widget_type=\"image.default\">\n\t\t\t\t<div class=\"elementor-widget-container\">\n\t\t\t\t\t\t\t\t\t\t\t\t\t<img decoding=\"async\" width=\"191\" height=\"345\" data-src=\"https:\/\/wallasoft.com\/wp-content\/uploads\/2022\/08\/Step-By-Step-Decluttering-Process-Graph-Instagram-Post-2-copia.png\" class=\"attachment-large size-large wp-image-1680 lazyload\" alt=\"\" data-srcset=\"https:\/\/wallasoft.com\/wp-content\/uploads\/2022\/08\/Step-By-Step-Decluttering-Process-Graph-Instagram-Post-2-copia.png 191w, https:\/\/wallasoft.com\/wp-content\/uploads\/2022\/08\/Step-By-Step-Decluttering-Process-Graph-Instagram-Post-2-copia-166x300.png 166w\" data-sizes=\"(max-width: 191px) 100vw, 191px\" src=\"data:image\/gif;base64,R0lGODlhAQABAAAAACH5BAEKAAEALAAAAAABAAEAAAICTAEAOw==\" style=\"--smush-placeholder-width: 191px; --smush-placeholder-aspect-ratio: 191\/345;\" \/><noscript><img decoding=\"async\" width=\"191\" height=\"345\" src=\"https:\/\/wallasoft.com\/wp-content\/uploads\/2022\/08\/Step-By-Step-Decluttering-Process-Graph-Instagram-Post-2-copia.png\" class=\"attachment-large size-large wp-image-1680\" alt=\"\" srcset=\"https:\/\/wallasoft.com\/wp-content\/uploads\/2022\/08\/Step-By-Step-Decluttering-Process-Graph-Instagram-Post-2-copia.png 191w, https:\/\/wallasoft.com\/wp-content\/uploads\/2022\/08\/Step-By-Step-Decluttering-Process-Graph-Instagram-Post-2-copia-166x300.png 166w\" sizes=\"(max-width: 191px) 100vw, 191px\" \/><\/noscript>\t\t\t\t\t\t\t\t\t\t\t\t\t<\/div>\n\t\t\t\t<\/div>\n\t\t\t\t<div class=\"elementor-element elementor-element-30be4a2 elementor-widget elementor-widget-text-editor\" data-id=\"30be4a2\" data-element_type=\"widget\" data-widget_type=\"text-editor.default\">\n\t\t\t\t<div class=\"elementor-widget-container\">\n\t\t\t\t\t\t\t<h3 style=\"text-align: center;\">Env\u00edale un mensaje al Vendedor<\/h3>\t\t\t\t\t\t<\/div>\n\t\t\t\t<\/div>\n\t\t\t\t<div class=\"elementor-element elementor-element-d9231ea elementor-widget elementor-widget-text-editor\" data-id=\"d9231ea\" data-element_type=\"widget\" data-widget_type=\"text-editor.default\">\n\t\t\t\t<div class=\"elementor-widget-container\">\n\t\t\t\t\t\t\t<p style=\"text-align: center;\">Habla con el vendedor de forma f\u00e1cil y r\u00e1pida<\/p>\t\t\t\t\t\t<\/div>\n\t\t\t\t<\/div>\n\t\t\t\t\t<\/div>\n\t\t<\/div>\n\t\t\t\t<div class=\"elementor-column elementor-col-33 elementor-top-column elementor-element elementor-element-c7fee59\" data-id=\"c7fee59\" data-element_type=\"column\">\n\t\t\t<div class=\"elementor-widget-wrap elementor-element-populated\">\n\t\t\t\t\t\t<div class=\"elementor-element elementor-element-9df8025 elementor-widget elementor-widget-image\" data-id=\"9df8025\" data-element_type=\"widget\" data-widget_type=\"image.default\">\n\t\t\t\t<div class=\"elementor-widget-container\">\n\t\t\t\t\t\t\t\t\t\t\t\t\t<img loading=\"lazy\" decoding=\"async\" width=\"195\" height=\"305\" data-src=\"https:\/\/wallasoft.com\/wp-content\/uploads\/2022\/08\/Step-By-Step-Decluttering-Process-Graph-Instagram-Post-1-3.png\" class=\"attachment-large size-large wp-image-1681 lazyload\" alt=\"\" data-srcset=\"https:\/\/wallasoft.com\/wp-content\/uploads\/2022\/08\/Step-By-Step-Decluttering-Process-Graph-Instagram-Post-1-3.png 195w, https:\/\/wallasoft.com\/wp-content\/uploads\/2022\/08\/Step-By-Step-Decluttering-Process-Graph-Instagram-Post-1-3-192x300.png 192w\" data-sizes=\"(max-width: 195px) 100vw, 195px\" src=\"data:image\/gif;base64,R0lGODlhAQABAAAAACH5BAEKAAEALAAAAAABAAEAAAICTAEAOw==\" style=\"--smush-placeholder-width: 195px; --smush-placeholder-aspect-ratio: 195\/305;\" \/><noscript><img loading=\"lazy\" decoding=\"async\" width=\"195\" height=\"305\" src=\"https:\/\/wallasoft.com\/wp-content\/uploads\/2022\/08\/Step-By-Step-Decluttering-Process-Graph-Instagram-Post-1-3.png\" class=\"attachment-large size-large wp-image-1681\" alt=\"\" srcset=\"https:\/\/wallasoft.com\/wp-content\/uploads\/2022\/08\/Step-By-Step-Decluttering-Process-Graph-Instagram-Post-1-3.png 195w, https:\/\/wallasoft.com\/wp-content\/uploads\/2022\/08\/Step-By-Step-Decluttering-Process-Graph-Instagram-Post-1-3-192x300.png 192w\" sizes=\"(max-width: 195px) 100vw, 195px\" \/><\/noscript>\t\t\t\t\t\t\t\t\t\t\t\t\t<\/div>\n\t\t\t\t<\/div>\n\t\t\t\t<div class=\"elementor-element elementor-element-1094018 elementor-widget elementor-widget-text-editor\" data-id=\"1094018\" data-element_type=\"widget\" data-widget_type=\"text-editor.default\">\n\t\t\t\t<div class=\"elementor-widget-container\">\n\t\t\t\t\t\t\t<h3 style=\"text-align: center;\">Consigue el art\u00edculo<\/h3>\t\t\t\t\t\t<\/div>\n\t\t\t\t<\/div>\n\t\t\t\t<div class=\"elementor-element elementor-element-eacd1f1 elementor-widget elementor-widget-text-editor\" data-id=\"eacd1f1\" data-element_type=\"widget\" data-widget_type=\"text-editor.default\">\n\t\t\t\t<div class=\"elementor-widget-container\">\n\t\t\t\t\t\t\t<p style=\"text-align: center;\">Coordinate con el vendedor y disfruta de tu nuevo tesoro<\/p>\t\t\t\t\t\t<\/div>\n\t\t\t\t<\/div>\n\t\t\t\t\t<\/div>\n\t\t<\/div>\n\t\t\t\t\t<\/div>\n\t\t<\/section>\n\t\t\t\t<section class=\"elementor-section elementor-top-section elementor-element elementor-element-15a493d elementor-section-boxed elementor-section-height-default elementor-section-height-default\" data-id=\"15a493d\" data-element_type=\"section\">\n\t\t\t\t\t\t<div class=\"elementor-container elementor-column-gap-default\">\n\t\t\t\t\t<div class=\"elementor-column elementor-col-100 elementor-top-column elementor-element elementor-element-9cfabed\" data-id=\"9cfabed\" data-element_type=\"column\">\n\t\t\t<div class=\"elementor-widget-wrap elementor-element-populated\">\n\t\t\t\t\t\t<div class=\"elementor-element elementor-element-9a2b4a4 elementor-widget elementor-widget-spacer\" data-id=\"9a2b4a4\" data-element_type=\"widget\" data-widget_type=\"spacer.default\">\n\t\t\t\t<div class=\"elementor-widget-container\">\n\t\t\t<style>\/*! elementor - v3.23.0 - 23-07-2024 *\/\n.elementor-column .elementor-spacer-inner{height:var(--spacer-size)}.e-con{--container-widget-width:100%}.e-con-inner>.elementor-widget-spacer,.e-con>.elementor-widget-spacer{width:var(--container-widget-width,var(--spacer-size));--align-self:var(--container-widget-align-self,initial);--flex-shrink:0}.e-con-inner>.elementor-widget-spacer>.elementor-widget-container,.e-con>.elementor-widget-spacer>.elementor-widget-container{height:100%;width:100%}.e-con-inner>.elementor-widget-spacer>.elementor-widget-container>.elementor-spacer,.e-con>.elementor-widget-spacer>.elementor-widget-container>.elementor-spacer{height:100%}.e-con-inner>.elementor-widget-spacer>.elementor-widget-container>.elementor-spacer>.elementor-spacer-inner,.e-con>.elementor-widget-spacer>.elementor-widget-container>.elementor-spacer>.elementor-spacer-inner{height:var(--container-widget-height,var(--spacer-size))}.e-con-inner>.elementor-widget-spacer.elementor-widget-empty,.e-con>.elementor-widget-spacer.elementor-widget-empty{position:relative;min-height:22px;min-width:22px}.e-con-inner>.elementor-widget-spacer.elementor-widget-empty .elementor-widget-empty-icon,.e-con>.elementor-widget-spacer.elementor-widget-empty .elementor-widget-empty-icon{position:absolute;top:0;bottom:0;left:0;right:0;margin:auto;padding:0;width:22px;height:22px}<\/style>\t\t<div class=\"elementor-spacer\">\n\t\t\t<div class=\"elementor-spacer-inner\"><\/div>\n\t\t<\/div>\n\t\t\t\t<\/div>\n\t\t\t\t<\/div>\n\t\t\t\t\t<\/div>\n\t\t<\/div>\n\t\t\t\t\t<\/div>\n\t\t<\/section>\n\t\t\t\t<section class=\"elementor-section elementor-top-section elementor-element elementor-element-1af61de elementor-section-boxed elementor-section-height-default elementor-section-height-default\" data-id=\"1af61de\" data-element_type=\"section\">\n\t\t\t\t\t\t<div class=\"elementor-container elementor-column-gap-default\">\n\t\t\t\t\t<div class=\"elementor-column elementor-col-100 elementor-top-column elementor-element elementor-element-b31ba43\" data-id=\"b31ba43\" data-element_type=\"column\">\n\t\t\t<div class=\"elementor-widget-wrap elementor-element-populated\">\n\t\t\t\t\t\t<div class=\"elementor-element elementor-element-94acb19 elementor-widget elementor-widget-heading\" data-id=\"94acb19\" data-element_type=\"widget\" data-widget_type=\"heading.default\">\n\t\t\t\t<div class=\"elementor-widget-container\">\n\t\t\t<h1 class=\"elementor-heading-title elementor-size-default\">Para m\u00e1s detalles visita nuestro canal de YouTube<\/h1>\t\t<\/div>\n\t\t\t\t<\/div>\n\t\t\t\t\t<\/div>\n\t\t<\/div>\n\t\t\t\t\t<\/div>\n\t\t<\/section>\n\t\t\t\t<section class=\"elementor-section elementor-top-section elementor-element elementor-element-dec02d2 elementor-section-boxed elementor-section-height-default elementor-section-height-default\" data-id=\"dec02d2\" data-element_type=\"section\">\n\t\t\t\t\t\t<div class=\"elementor-container elementor-column-gap-default\">\n\t\t\t\t\t<div class=\"elementor-column elementor-col-100 elementor-top-column elementor-element elementor-element-b876605\" data-id=\"b876605\" data-element_type=\"column\">\n\t\t\t<div class=\"elementor-widget-wrap elementor-element-populated\">\n\t\t\t\t\t\t<div class=\"elementor-element elementor-element-d4cfae6 elementor-widget elementor-widget-image\" data-id=\"d4cfae6\" data-element_type=\"widget\" data-widget_type=\"image.default\">\n\t\t\t\t<div class=\"elementor-widget-container\">\n\t\t\t\t\t\t\t\t\t\t\t\t\t\t<a href=\"https:\/\/www.youtube.com\/channel\/UCxTfwMAKrdu8vYKlP5oa8aA\">\n\t\t\t\t\t\t\t<img decoding=\"async\" data-src=\"https:\/\/wallasoft.com\/wp-content\/uploads\/listing-uploads\/gallery\/2022\/08\/Untitled-design.png\" title=\"\" alt=\"\" loading=\"lazy\" src=\"data:image\/gif;base64,R0lGODlhAQABAAAAACH5BAEKAAEALAAAAAABAAEAAAICTAEAOw==\" class=\"lazyload\" \/><noscript><img decoding=\"async\" src=\"https:\/\/wallasoft.com\/wp-content\/uploads\/listing-uploads\/gallery\/2022\/08\/Untitled-design.png\" title=\"\" alt=\"\" loading=\"lazy\" \/><\/noscript>\t\t\t\t\t\t\t\t<\/a>\n\t\t\t\t\t\t\t\t\t\t\t\t\t<\/div>\n\t\t\t\t<\/div>\n\t\t\t\t\t<\/div>\n\t\t<\/div>\n\t\t\t\t\t<\/div>\n\t\t<\/section>\n\t\t\t\t<\/div>\n\t\t","protected":false},"excerpt":{"rendered":"<p>Compra y Vende todo eso que necesitas Encuentra lo que quieres Busca los art\u00edculos que quieres a la vuelta de tu esquina Env\u00edale un mensaje al Vendedor Habla con el vendedor de forma f\u00e1cil y r\u00e1pida Consigue el art\u00edculo Coordinate con el vendedor y disfruta de tu nuevo tesoro Para m\u00e1s detalles visita nuestro canal [&hellip;]<\/p>\n","protected":false},"author":1,"featured_media":0,"parent":0,"menu_order":0,"comment_status":"closed","ping_status":"closed","template":"","meta":{"footnotes":""},"class_list":["post-1513","page","type-page","status-publish","hentry"],"acf":[],"_links":{"self":[{"href":"https:\/\/wallasoft.com\/index.php?rest_route=\/wp\/v2\/pages\/1513"}],"collection":[{"href":"https:\/\/wallasoft.com\/index.php?rest_route=\/wp\/v2\/pages"}],"about":[{"href":"https:\/\/wallasoft.com\/index.php?rest_route=\/wp\/v2\/types\/page"}],"author":[{"embeddable":true,"href":"https:\/\/wallasoft.com\/index.php?rest_route=\/wp\/v2\/users\/1"}],"replies":[{"embeddable":true,"href":"https:\/\/wallasoft.com\/index.php?rest_route=%2Fwp%2Fv2%2Fcomments&post=1513"}],"version-history":[{"count":16,"href":"https:\/\/wallasoft.com\/index.php?rest_route=\/wp\/v2\/pages\/1513\/revisions"}],"predecessor-version":[{"id":1684,"href":"https:\/\/wallasoft.com\/index.php?rest_route=\/wp\/v2\/pages\/1513\/revisions\/1684"}],"wp:attachment":[{"href":"https:\/\/wallasoft.com\/index.php?rest_route=%2Fwp%2Fv2%2Fmedia&parent=1513"}],"curies":[{"name":"wp","href":"https:\/\/api.w.org\/{rel}","templated":true}]}}