{"id":1565,"date":"2022-08-22T08:38:27","date_gmt":"2022-08-22T08:38:27","guid":{"rendered":"http:\/\/wallasoft.com\/?page_id=1565"},"modified":"2022-08-23T17:11:46","modified_gmt":"2022-08-23T17:11:46","slug":"como-comprar-un-articulo","status":"publish","type":"page","link":"https:\/\/wallasoft.com\/?page_id=1565","title":{"rendered":"C\u00f3mo contactar para comprar un art\u00edculo"},"content":{"rendered":"\t\t<div data-elementor-type=\"wp-page\" data-elementor-id=\"1565\" class=\"elementor elementor-1565\">\n\t\t\t\t\t\t<section class=\"elementor-section elementor-top-section elementor-element elementor-element-de8172b elementor-section-boxed elementor-section-height-default elementor-section-height-default\" data-id=\"de8172b\" data-element_type=\"section\">\n\t\t\t\t\t\t<div class=\"elementor-container elementor-column-gap-default\">\n\t\t\t\t\t<div class=\"elementor-column elementor-col-100 elementor-top-column elementor-element elementor-element-4d537ee\" data-id=\"4d537ee\" data-element_type=\"column\">\n\t\t\t<div class=\"elementor-widget-wrap elementor-element-populated\">\n\t\t\t\t\t\t<div class=\"elementor-element elementor-element-b84f5f8 elementor-widget elementor-widget-spacer\" data-id=\"b84f5f8\" data-element_type=\"widget\" data-widget_type=\"spacer.default\">\n\t\t\t\t<div class=\"elementor-widget-container\">\n\t\t\t<style>\/*! elementor - v3.23.0 - 23-07-2024 *\/\n.elementor-column .elementor-spacer-inner{height:var(--spacer-size)}.e-con{--container-widget-width:100%}.e-con-inner>.elementor-widget-spacer,.e-con>.elementor-widget-spacer{width:var(--container-widget-width,var(--spacer-size));--align-self:var(--container-widget-align-self,initial);--flex-shrink:0}.e-con-inner>.elementor-widget-spacer>.elementor-widget-container,.e-con>.elementor-widget-spacer>.elementor-widget-container{height:100%;width:100%}.e-con-inner>.elementor-widget-spacer>.elementor-widget-container>.elementor-spacer,.e-con>.elementor-widget-spacer>.elementor-widget-container>.elementor-spacer{height:100%}.e-con-inner>.elementor-widget-spacer>.elementor-widget-container>.elementor-spacer>.elementor-spacer-inner,.e-con>.elementor-widget-spacer>.elementor-widget-container>.elementor-spacer>.elementor-spacer-inner{height:var(--container-widget-height,var(--spacer-size))}.e-con-inner>.elementor-widget-spacer.elementor-widget-empty,.e-con>.elementor-widget-spacer.elementor-widget-empty{position:relative;min-height:22px;min-width:22px}.e-con-inner>.elementor-widget-spacer.elementor-widget-empty .elementor-widget-empty-icon,.e-con>.elementor-widget-spacer.elementor-widget-empty .elementor-widget-empty-icon{position:absolute;top:0;bottom:0;left:0;right:0;margin:auto;padding:0;width:22px;height:22px}<\/style>\t\t<div class=\"elementor-spacer\">\n\t\t\t<div class=\"elementor-spacer-inner\"><\/div>\n\t\t<\/div>\n\t\t\t\t<\/div>\n\t\t\t\t<\/div>\n\t\t\t\t<div class=\"elementor-element elementor-element-6408705 elementor-widget elementor-widget-heading\" data-id=\"6408705\" data-element_type=\"widget\" data-widget_type=\"heading.default\">\n\t\t\t\t<div class=\"elementor-widget-container\">\n\t\t\t<style>\/*! elementor - v3.23.0 - 23-07-2024 *\/\n.elementor-heading-title{padding:0;margin:0;line-height:1}.elementor-widget-heading .elementor-heading-title[class*=elementor-size-]>a{color:inherit;font-size:inherit;line-height:inherit}.elementor-widget-heading .elementor-heading-title.elementor-size-small{font-size:15px}.elementor-widget-heading .elementor-heading-title.elementor-size-medium{font-size:19px}.elementor-widget-heading .elementor-heading-title.elementor-size-large{font-size:29px}.elementor-widget-heading .elementor-heading-title.elementor-size-xl{font-size:39px}.elementor-widget-heading .elementor-heading-title.elementor-size-xxl{font-size:59px}<\/style><h2 class=\"elementor-heading-title elementor-size-default\">\u00bfPreparado para Misi\u00f3n \"En B\u00fasqueda del  Tesoro\"?, siga mis instrucciones y podr\u00e1 finalizar la misi\u00f3n con \u00e9xito...<\/h2>\t\t<\/div>\n\t\t\t\t<\/div>\n\t\t\t\t<div class=\"elementor-element elementor-element-a03b653 elementor-widget elementor-widget-spacer\" data-id=\"a03b653\" data-element_type=\"widget\" data-widget_type=\"spacer.default\">\n\t\t\t\t<div class=\"elementor-widget-container\">\n\t\t\t\t\t<div class=\"elementor-spacer\">\n\t\t\t<div class=\"elementor-spacer-inner\"><\/div>\n\t\t<\/div>\n\t\t\t\t<\/div>\n\t\t\t\t<\/div>\n\t\t\t\t\t<\/div>\n\t\t<\/div>\n\t\t\t\t\t<\/div>\n\t\t<\/section>\n\t\t\t\t<section class=\"elementor-section elementor-top-section elementor-element elementor-element-007f311 elementor-section-boxed elementor-section-height-default elementor-section-height-default\" data-id=\"007f311\" data-element_type=\"section\">\n\t\t\t\t\t\t<div class=\"elementor-container elementor-column-gap-default\">\n\t\t\t\t\t<div class=\"elementor-column elementor-col-50 elementor-top-column elementor-element elementor-element-4a83e45\" data-id=\"4a83e45\" data-element_type=\"column\">\n\t\t\t<div class=\"elementor-widget-wrap elementor-element-populated\">\n\t\t\t\t\t\t<div class=\"elementor-element elementor-element-86b0d2a elementor-widget elementor-widget-heading\" data-id=\"86b0d2a\" data-element_type=\"widget\" data-widget_type=\"heading.default\">\n\t\t\t\t<div class=\"elementor-widget-container\">\n\t\t\t<h2 class=\"elementor-heading-title elementor-size-default\">1<\/h2>\t\t<\/div>\n\t\t\t\t<\/div>\n\t\t\t\t<div class=\"elementor-element elementor-element-35c5a79 elementor-widget elementor-widget-text-editor\" data-id=\"35c5a79\" data-element_type=\"widget\" data-widget_type=\"text-editor.default\">\n\t\t\t\t<div class=\"elementor-widget-container\">\n\t\t\t<style>\/*! elementor - v3.23.0 - 23-07-2024 *\/\n.elementor-widget-text-editor.elementor-drop-cap-view-stacked .elementor-drop-cap{background-color:#69727d;color:#fff}.elementor-widget-text-editor.elementor-drop-cap-view-framed .elementor-drop-cap{color:#69727d;border:3px solid;background-color:transparent}.elementor-widget-text-editor:not(.elementor-drop-cap-view-default) .elementor-drop-cap{margin-top:8px}.elementor-widget-text-editor:not(.elementor-drop-cap-view-default) .elementor-drop-cap-letter{width:1em;height:1em}.elementor-widget-text-editor .elementor-drop-cap{float:left;text-align:center;line-height:1;font-size:50px}.elementor-widget-text-editor .elementor-drop-cap-letter{display:inline-block}<\/style>\t\t\t\t<h3>Haz clic en \u00ab<strong>Buscar<\/strong>\u00bb y dependiendo de la \u00ab<strong>Categor\u00eda<\/strong>\u00bb del art\u00edculo o de tu \u00ab<strong>Localidad<\/strong>\u00ab, busca el art\u00edculo deseado, tu pr\u00f3ximo tesoro<\/h3>\t\t\t\t\t\t<\/div>\n\t\t\t\t<\/div>\n\t\t\t\t\t<\/div>\n\t\t<\/div>\n\t\t\t\t<div class=\"elementor-column elementor-col-50 elementor-top-column elementor-element elementor-element-cc37a89\" data-id=\"cc37a89\" data-element_type=\"column\">\n\t\t\t<div class=\"elementor-widget-wrap elementor-element-populated\">\n\t\t\t\t\t\t<div class=\"elementor-element elementor-element-63a0293 elementor-widget elementor-widget-image\" data-id=\"63a0293\" data-element_type=\"widget\" data-widget_type=\"image.default\">\n\t\t\t\t<div class=\"elementor-widget-container\">\n\t\t\t<style>\/*! elementor - v3.23.0 - 23-07-2024 *\/\n.elementor-widget-image{text-align:center}.elementor-widget-image a{display:inline-block}.elementor-widget-image a img[src$=\".svg\"]{width:48px}.elementor-widget-image img{vertical-align:middle;display:inline-block}<\/style>\t\t\t\t\t\t\t\t\t\t<img fetchpriority=\"high\" decoding=\"async\" width=\"1024\" height=\"501\" src=\"https:\/\/wallasoft.com\/wp-content\/uploads\/2022\/08\/Buscar-\u2013-Wallasoft-1024x501.png\" class=\"attachment-large size-large wp-image-1607\" alt=\"\" srcset=\"https:\/\/wallasoft.com\/wp-content\/uploads\/2022\/08\/Buscar-\u2013-Wallasoft-1024x501.png 1024w, https:\/\/wallasoft.com\/wp-content\/uploads\/2022\/08\/Buscar-\u2013-Wallasoft-300x147.png 300w, https:\/\/wallasoft.com\/wp-content\/uploads\/2022\/08\/Buscar-\u2013-Wallasoft-768x376.png 768w, https:\/\/wallasoft.com\/wp-content\/uploads\/2022\/08\/Buscar-\u2013-Wallasoft-600x294.png 600w, https:\/\/wallasoft.com\/wp-content\/uploads\/2022\/08\/Buscar-\u2013-Wallasoft.png 1343w\" sizes=\"(max-width: 1024px) 100vw, 1024px\" \/>\t\t\t\t\t\t\t\t\t\t\t\t\t<\/div>\n\t\t\t\t<\/div>\n\t\t\t\t\t<\/div>\n\t\t<\/div>\n\t\t\t\t\t<\/div>\n\t\t<\/section>\n\t\t\t\t<section class=\"elementor-section elementor-top-section elementor-element elementor-element-0eb0297 elementor-section-boxed elementor-section-height-default elementor-section-height-default\" data-id=\"0eb0297\" data-element_type=\"section\">\n\t\t\t\t\t\t<div class=\"elementor-container elementor-column-gap-default\">\n\t\t\t\t\t<div class=\"elementor-column elementor-col-50 elementor-top-column elementor-element elementor-element-d7db561\" data-id=\"d7db561\" data-element_type=\"column\">\n\t\t\t<div class=\"elementor-widget-wrap elementor-element-populated\">\n\t\t\t\t\t\t<div class=\"elementor-element elementor-element-db6048a elementor-widget elementor-widget-image\" data-id=\"db6048a\" data-element_type=\"widget\" data-widget_type=\"image.default\">\n\t\t\t\t<div class=\"elementor-widget-container\">\n\t\t\t\t\t\t\t\t\t\t\t\t\t<img decoding=\"async\" width=\"1024\" height=\"711\" data-src=\"https:\/\/wallasoft.com\/wp-content\/uploads\/2022\/08\/MP7-Tokio-Marui-con-4-cargadores-\u2013-Wallasoft-2-1024x711.png\" class=\"attachment-large size-large wp-image-1621 lazyload\" alt=\"\" data-srcset=\"https:\/\/wallasoft.com\/wp-content\/uploads\/2022\/08\/MP7-Tokio-Marui-con-4-cargadores-\u2013-Wallasoft-2-1024x711.png 1024w, https:\/\/wallasoft.com\/wp-content\/uploads\/2022\/08\/MP7-Tokio-Marui-con-4-cargadores-\u2013-Wallasoft-2-300x208.png 300w, https:\/\/wallasoft.com\/wp-content\/uploads\/2022\/08\/MP7-Tokio-Marui-con-4-cargadores-\u2013-Wallasoft-2-768x534.png 768w, https:\/\/wallasoft.com\/wp-content\/uploads\/2022\/08\/MP7-Tokio-Marui-con-4-cargadores-\u2013-Wallasoft-2-600x417.png 600w, https:\/\/wallasoft.com\/wp-content\/uploads\/2022\/08\/MP7-Tokio-Marui-con-4-cargadores-\u2013-Wallasoft-2.png 1327w\" data-sizes=\"(max-width: 1024px) 100vw, 1024px\" src=\"data:image\/gif;base64,R0lGODlhAQABAAAAACH5BAEKAAEALAAAAAABAAEAAAICTAEAOw==\" style=\"--smush-placeholder-width: 1024px; --smush-placeholder-aspect-ratio: 1024\/711;\" \/><noscript><img decoding=\"async\" width=\"1024\" height=\"711\" src=\"https:\/\/wallasoft.com\/wp-content\/uploads\/2022\/08\/MP7-Tokio-Marui-con-4-cargadores-\u2013-Wallasoft-2-1024x711.png\" class=\"attachment-large size-large wp-image-1621\" alt=\"\" srcset=\"https:\/\/wallasoft.com\/wp-content\/uploads\/2022\/08\/MP7-Tokio-Marui-con-4-cargadores-\u2013-Wallasoft-2-1024x711.png 1024w, https:\/\/wallasoft.com\/wp-content\/uploads\/2022\/08\/MP7-Tokio-Marui-con-4-cargadores-\u2013-Wallasoft-2-300x208.png 300w, https:\/\/wallasoft.com\/wp-content\/uploads\/2022\/08\/MP7-Tokio-Marui-con-4-cargadores-\u2013-Wallasoft-2-768x534.png 768w, https:\/\/wallasoft.com\/wp-content\/uploads\/2022\/08\/MP7-Tokio-Marui-con-4-cargadores-\u2013-Wallasoft-2-600x417.png 600w, https:\/\/wallasoft.com\/wp-content\/uploads\/2022\/08\/MP7-Tokio-Marui-con-4-cargadores-\u2013-Wallasoft-2.png 1327w\" sizes=\"(max-width: 1024px) 100vw, 1024px\" \/><\/noscript>\t\t\t\t\t\t\t\t\t\t\t\t\t<\/div>\n\t\t\t\t<\/div>\n\t\t\t\t\t<\/div>\n\t\t<\/div>\n\t\t\t\t<div class=\"elementor-column elementor-col-50 elementor-top-column elementor-element elementor-element-0f501ec\" data-id=\"0f501ec\" data-element_type=\"column\">\n\t\t\t<div class=\"elementor-widget-wrap elementor-element-populated\">\n\t\t\t\t\t\t<div class=\"elementor-element elementor-element-e4136c6 elementor-widget__width-inherit elementor-widget elementor-widget-heading\" data-id=\"e4136c6\" data-element_type=\"widget\" data-widget_type=\"heading.default\">\n\t\t\t\t<div class=\"elementor-widget-container\">\n\t\t\t<h2 class=\"elementor-heading-title elementor-size-default\">2<\/h2>\t\t<\/div>\n\t\t\t\t<\/div>\n\t\t\t\t<div class=\"elementor-element elementor-element-1ce2eec elementor-widget elementor-widget-text-editor\" data-id=\"1ce2eec\" data-element_type=\"widget\" data-widget_type=\"text-editor.default\">\n\t\t\t\t<div class=\"elementor-widget-container\">\n\t\t\t\t\t\t\t<h3>Revisa que sea todo lo que quieres y env\u00eda un mensaje al vendedor<\/h3>\t\t\t\t\t\t<\/div>\n\t\t\t\t<\/div>\n\t\t\t\t\t<\/div>\n\t\t<\/div>\n\t\t\t\t\t<\/div>\n\t\t<\/section>\n\t\t\t\t<section class=\"elementor-section elementor-top-section elementor-element elementor-element-cf0da31 elementor-section-boxed elementor-section-height-default elementor-section-height-default\" data-id=\"cf0da31\" data-element_type=\"section\">\n\t\t\t\t\t\t<div class=\"elementor-container elementor-column-gap-default\">\n\t\t\t\t\t<div class=\"elementor-column elementor-col-50 elementor-top-column elementor-element elementor-element-3b82787\" data-id=\"3b82787\" data-element_type=\"column\">\n\t\t\t<div class=\"elementor-widget-wrap elementor-element-populated\">\n\t\t\t\t\t\t<div class=\"elementor-element elementor-element-920cd68 elementor-widget elementor-widget-heading\" data-id=\"920cd68\" data-element_type=\"widget\" data-widget_type=\"heading.default\">\n\t\t\t\t<div class=\"elementor-widget-container\">\n\t\t\t<h2 class=\"elementor-heading-title elementor-size-default\">3<\/h2>\t\t<\/div>\n\t\t\t\t<\/div>\n\t\t\t\t<div class=\"elementor-element elementor-element-dccf0fa elementor-widget elementor-widget-text-editor\" data-id=\"dccf0fa\" data-element_type=\"widget\" data-widget_type=\"text-editor.default\">\n\t\t\t\t<div class=\"elementor-widget-container\">\n\t\t\t\t\t\t\t<h3 style=\"text-align: center;\">Chatea y consigue tu objetivo<\/h3>\t\t\t\t\t\t<\/div>\n\t\t\t\t<\/div>\n\t\t\t\t\t<\/div>\n\t\t<\/div>\n\t\t\t\t<div class=\"elementor-column elementor-col-50 elementor-top-column elementor-element elementor-element-5609831\" data-id=\"5609831\" data-element_type=\"column\">\n\t\t\t<div class=\"elementor-widget-wrap elementor-element-populated\">\n\t\t\t\t\t\t<div class=\"elementor-element elementor-element-6713073 elementor-widget elementor-widget-image\" data-id=\"6713073\" data-element_type=\"widget\" data-widget_type=\"image.default\">\n\t\t\t\t<div class=\"elementor-widget-container\">\n\t\t\t\t\t\t\t\t\t\t\t\t\t<img decoding=\"async\" width=\"636\" height=\"581\" data-src=\"https:\/\/wallasoft.com\/wp-content\/uploads\/2022\/08\/3.png\" class=\"attachment-large size-large wp-image-1622 lazyload\" alt=\"\" data-srcset=\"https:\/\/wallasoft.com\/wp-content\/uploads\/2022\/08\/3.png 636w, https:\/\/wallasoft.com\/wp-content\/uploads\/2022\/08\/3-300x274.png 300w, https:\/\/wallasoft.com\/wp-content\/uploads\/2022\/08\/3-600x548.png 600w\" data-sizes=\"(max-width: 636px) 100vw, 636px\" src=\"data:image\/gif;base64,R0lGODlhAQABAAAAACH5BAEKAAEALAAAAAABAAEAAAICTAEAOw==\" style=\"--smush-placeholder-width: 636px; --smush-placeholder-aspect-ratio: 636\/581;\" \/><noscript><img decoding=\"async\" width=\"636\" height=\"581\" src=\"https:\/\/wallasoft.com\/wp-content\/uploads\/2022\/08\/3.png\" class=\"attachment-large size-large wp-image-1622\" alt=\"\" srcset=\"https:\/\/wallasoft.com\/wp-content\/uploads\/2022\/08\/3.png 636w, https:\/\/wallasoft.com\/wp-content\/uploads\/2022\/08\/3-300x274.png 300w, https:\/\/wallasoft.com\/wp-content\/uploads\/2022\/08\/3-600x548.png 600w\" sizes=\"(max-width: 636px) 100vw, 636px\" \/><\/noscript>\t\t\t\t\t\t\t\t\t\t\t\t\t<\/div>\n\t\t\t\t<\/div>\n\t\t\t\t\t<\/div>\n\t\t<\/div>\n\t\t\t\t\t<\/div>\n\t\t<\/section>\n\t\t\t\t<section class=\"elementor-section elementor-top-section elementor-element elementor-element-3b8d790 elementor-section-boxed elementor-section-height-default elementor-section-height-default\" data-id=\"3b8d790\" data-element_type=\"section\">\n\t\t\t\t\t\t<div class=\"elementor-container elementor-column-gap-default\">\n\t\t\t\t\t<div class=\"elementor-column elementor-col-100 elementor-top-column elementor-element elementor-element-5889e99\" data-id=\"5889e99\" data-element_type=\"column\">\n\t\t\t<div class=\"elementor-widget-wrap elementor-element-populated\">\n\t\t\t\t\t\t<div class=\"elementor-element elementor-element-468c6ed elementor-widget elementor-widget-spacer\" data-id=\"468c6ed\" data-element_type=\"widget\" data-widget_type=\"spacer.default\">\n\t\t\t\t<div class=\"elementor-widget-container\">\n\t\t\t\t\t<div class=\"elementor-spacer\">\n\t\t\t<div class=\"elementor-spacer-inner\"><\/div>\n\t\t<\/div>\n\t\t\t\t<\/div>\n\t\t\t\t<\/div>\n\t\t\t\t\t<\/div>\n\t\t<\/div>\n\t\t\t\t\t<\/div>\n\t\t<\/section>\n\t\t\t\t<section class=\"elementor-section elementor-top-section elementor-element elementor-element-1137adf elementor-section-boxed elementor-section-height-default elementor-section-height-default\" data-id=\"1137adf\" data-element_type=\"section\">\n\t\t\t\t\t\t<div class=\"elementor-container elementor-column-gap-default\">\n\t\t\t\t\t<div class=\"elementor-column elementor-col-100 elementor-top-column elementor-element elementor-element-01f8ed6\" data-id=\"01f8ed6\" data-element_type=\"column\">\n\t\t\t<div class=\"elementor-widget-wrap elementor-element-populated\">\n\t\t\t\t\t\t<div class=\"elementor-element elementor-element-ab0e963 elementor-widget elementor-widget-heading\" data-id=\"ab0e963\" data-element_type=\"widget\" data-widget_type=\"heading.default\">\n\t\t\t\t<div class=\"elementor-widget-container\">\n\t\t\t<h2 class=\"elementor-heading-title elementor-size-default\">Misi\u00f3n conseguida..Cambio y fuera<\/h2>\t\t<\/div>\n\t\t\t\t<\/div>\n\t\t\t\t\t<\/div>\n\t\t<\/div>\n\t\t\t\t\t<\/div>\n\t\t<\/section>\n\t\t\t\t<\/div>\n\t\t","protected":false},"excerpt":{"rendered":"<p>\u00bfPreparado para Misi\u00f3n \u00abEn B\u00fasqueda del Tesoro\u00bb?, siga mis instrucciones y podr\u00e1 finalizar la misi\u00f3n con \u00e9xito&#8230; 1 Haz clic en \u00abBuscar\u00bb y dependiendo de la \u00abCategor\u00eda\u00bb del art\u00edculo o de tu \u00abLocalidad\u00ab, busca el art\u00edculo deseado, tu pr\u00f3ximo tesoro 2 Revisa que sea todo lo que quieres y env\u00eda un mensaje al vendedor 3 [&hellip;]<\/p>\n","protected":false},"author":1,"featured_media":0,"parent":0,"menu_order":0,"comment_status":"closed","ping_status":"closed","template":"","meta":{"footnotes":""},"class_list":["post-1565","page","type-page","status-publish","hentry"],"acf":[],"_links":{"self":[{"href":"https:\/\/wallasoft.com\/index.php?rest_route=\/wp\/v2\/pages\/1565"}],"collection":[{"href":"https:\/\/wallasoft.com\/index.php?rest_route=\/wp\/v2\/pages"}],"about":[{"href":"https:\/\/wallasoft.com\/index.php?rest_route=\/wp\/v2\/types\/page"}],"author":[{"embeddable":true,"href":"https:\/\/wallasoft.com\/index.php?rest_route=\/wp\/v2\/users\/1"}],"replies":[{"embeddable":true,"href":"https:\/\/wallasoft.com\/index.php?rest_route=%2Fwp%2Fv2%2Fcomments&post=1565"}],"version-history":[{"count":17,"href":"https:\/\/wallasoft.com\/index.php?rest_route=\/wp\/v2\/pages\/1565\/revisions"}],"predecessor-version":[{"id":1625,"href":"https:\/\/wallasoft.com\/index.php?rest_route=\/wp\/v2\/pages\/1565\/revisions\/1625"}],"wp:attachment":[{"href":"https:\/\/wallasoft.com\/index.php?rest_route=%2Fwp%2Fv2%2Fmedia&parent=1565"}],"curies":[{"name":"wp","href":"https:\/\/api.w.org\/{rel}","templated":true}]}}